e second derivative of -d**5/20 - d**4/4 - d**3/6 + d**2 - 22*d. Give h(-2).
0
Let m(r) = -10*r**2 - 15*r - 16. Let z(c) = -3*c**2 - 5*c - 5. Let o(p) = -2*m(p) + 7*z(p). Calculate o(-6).
-9
Suppose 8*z = 4*z + 4. Let f(n) = 1 + 1 - 3*n - z. Let t be ((-869)/66 - -13)/(1/(-6)). Determine f(t).
-2
Let j(a) = -1. Let t(d) = -3*d. Let m be t(1). Let i(f) = -f - 1. Let h(n) = m*i(n) + j(n). Suppose 6 = -3*r + 2*k, 3*r + 5*k - 4*k + 6 = 0. Give h(r).
-4
Suppose -4*y + 11 = -1. Let h(x) = 18*x**y - 5*x - 2*x**2 - x + 6 - 17*x**3. Determine h(4).
14
Let p(y) = -4*y**3 - 1. Let f(q) = -q - 5. Let s(x) = -x**3 + 7*x**2 + 6*x + 10. Let g be s(8). Let n be (g/8)/(1/8). Let l be f(n). Determine p(l).
-5
Let w(a) = 2*a**2 - 5*a**2 + 17*a**2 - 8*a**2. Determine w(-1).
6
Let w(d) = -46*d**2 + 5*d + 45*d**2 - 10*d - 4. Calculate w(-7).
-18
Let n(d) = d**3 + 2*d**2 - 6*d - 5. Let i = 26 - 30. What is n(i)?
-13
Suppose 97 = -2*n + 13. Let r be 8/(-12) + n/(-9). Let w(d) = d**3 - 4*d**2 + d - 2. What is w(r)?
2
Let t = 13 + -16. Let d = -2 + t. Let p(f) = -2*f - 5. What is p(d)?
5
Let x be (3*-1)/(6/4). Let h = -2 - x. Suppose 3 = -g - h*g. Let m(i) = 2*i. What is m(g)?
-6
Let k(g) = g - 4 - 1 + g - g**3 + 5*g**2 + g. Suppose 4*c = -0*c + 36. Let u be 32/6 - 3/c. Give k(u).
10
Let s(b) = b + 2. Let f = -1 - -1. Let c(d) = -d**3 - d - 7. Let z be c(f). Let r be z/4 + 2/(-8). Give s(r).
0
Let j(c) be the second derivative of -c**5/20 - c**4/2 + c**3/6 + c**2 + 10*c. Give j(-6).
-4
Suppose -4*h + 5 = 25. Let x(n) = 3*n + 2*n + 5 - 5*n + 3*n. Give x(h).
-10
Let u(v) = 7*v + 1. Let c(m) = -4*m - 1. Let w(n) = 5*c(n) + 3*u(n). Let i(s) = s**3 + 13*s**2 + 12*s - 2. Let z be i(-12). What is w(z)?
-4
Let s(t) = 16*t - 6. Let l(b) = -3*b + 1. Let c(f) = -11*l(f) - 2*s(f). Let i(v) = -3*v + 3. Let z(w) = -6*c(w) - i(w). Give z(-6).
9
Let b(h) = h - 8. Let o be b(10). Let w(t) be the first derivative of -5/2*t**o + 1 + 1/3*t**3 + 4*t. Determine w(5).
4
Let g(k) = k + 1. Suppose -7*r = -25 + 46. What is g(r)?
-2
Let c(q) be the third derivative of q**5/30 + q**4/12 - q**3/2 + 3*q**2. Calculate c(-3).
9
Let h(u) = 7*u**3 + 3*u**2 - 5*u + 11. Let s(y) = -3*y**3 - 2*y**2 + 2*y - 5. Let r(x) = 2*h(x) + 5*s(x). Give r(-3).
-12
Let h(q) = q + 7. Let u(a) = -a. Let y(c) = h(c) + 2*u(c). Let m be 6/(-18) + 1/3. Give y(m).
7
Let x(y) = 7*y**2 + 36*y + 9 + 2*y**2 - y**3 - 37*y. Calculate x(9).
0
Let r = -5 - -8. Suppose -2*j - 4*a - 4 = 0, -3*j - a - 2*a = -r. Suppose 3*l - j*b - 25 = 0, 2*l = 3*l - 2*b - 11. Let m(g) = -g**2 + 2*g - 1. Calculate m(l).
-4
Let j(g) = -7*g - 13. Let v(t) = 11*t + 21. Let x(s) = 8*j(s) + 5*v(s). Let w = 11 + -7. Let b = w + -2. Determine x(b).
-1
Let t(u) = -u. Let z(f) = 3*f + 2*f**2 - f + 3 - 4 + 0*f**2. Let d be z(-2). Determine t(d).
-3
Let f(a) = 8*a**3 + a - 1. Let g be 2*(-1)/(0 - 2). Determine f(g).
8
Let c be ((-3)/9)/(1/(-15)). Suppose 0*k + 5*t + 37 = 3*k, c*k - 5*t - 45 = 0. Let i(w) = 4 + 3*w + 0 - w - w**2. Give i(k).
-4
Suppose 5*o - 73 + 3 = 0. Let j = -10 + o. Let h(z) = z - 1. Determine h(j).
3
Let m(l) be the second derivative of 5*l + 0 - 3/2*l**2 + 1/6*l**3. What is m(6)?
3
Let r(y) = 1. Suppose 0 = -i + 1. Let g(h) = h - 5. Let l(p) = i*g(p) + 4*r(p). Calculate l(-4).
-5
Let n = -7 - -11. Let y(c) = 2*c + 4. Give y(n).
12
Let m(l) = -3*l + 1 - 3 + 1. What is m(-4)?
11
Suppose -6*z + z - 4*c = -24, -4*c = -3*z + 8. Let a be (-1)/(-5) + 24/5. Let o(q) = 3*q - q**2 + a - 3 + 2*q. Calculate o(z).
6
Let k(o) = o**2 - 14*o + 26. Let l be k(12). Let f(u) be the second derivative of u**5/20 - u**4/6 - u**3/6 - u**2/2 + u. Determine f(l).
-3
Let p = 8 - 7. Let r(q) = -2*q**3 + 2*q**2 - 2*q + 1. Let b(n) = n. Let t(z) = p*r(z) + 4*b(z). What is t(-1)?
3
Let p(l) = -20*l**2 + 4*l + 18*l**2 + 22 - 18. Let z be -2 + (2 - (-2 - 1)). Suppose -m + 19 = -5*y, 2*m + 8*y = z*y - 7. Determine p(m).
-12
Suppose -a - 6*a = -42. Let x(g) = -g**3 + 6*g**2 - g - 1. Calculate x(a).
-7
Suppose 50 = 4*u - 9*u. Let w be (1 - 3)/(8 + u). Let n = w - 2. Let t(s) = 4*s**2 + 1. Calculate t(n).
5
Suppose 2*w + 5 = 7*w. Let g be 6 - (2 + -1 + w). Suppose 0 = g*p - 1 - 15. Let y(l) = l - 2. Give y(p).
2
Let q(u) = u**2 - 3*u + 3. Let k be 25/10 + (-6)/(-4). Give q(k).
7
Let x(d) = 1. Let h(o) = o + 6. Let v(p) = h(p) + 4*x(p). Give v(-7).
3
Let a(q) = q**3 + q**2 - q + 1. Let t(u) = 3*u**3 + 5*u**2 - 5*u + 5. Let g(v) = 4*a(v) - t(v). Let y = 0 + 2. Calculate g(y).
5
Let t(z) be the third derivative of z**6/120 + z**5/60 - 5*z**4/24 - z**3/2 - 33*z**2. Give t(-3).
-6
Let x(n) = 2*n**2 + n**3 + 18 - 6 - 13. Determine x(-2).
-1
Let n be (-9)/(-6) - 2/4. Let k(a) = 11*a**2 + a - 1. What is k(n)?
11
Let z(a) = a**2 - 8*a + 5. Suppose 5*j + 5*f - 65 = 0, 5*j = -3*f - 5 + 60. Calculate z(j).
5
Let x(i) = -3*i**3 + 2*i**2 + i - 2. Let v be x(-2). Suppose -4 = 3*d - v. Let w(k) = d*k + 7 - 1 - 5. What is w(-1)?
-7
Suppose 50 = 3*i - 13*i. Let a(c) = 2*c**3 - 3*c**2 - 11*c - 10. Let k(t) = t**3 + t**2 - t - 1. Let l(g) = a(g) - 3*k(g). Calculate l(i).
8
Let y(c) be the second derivative of c**5/20 + c**4/3 + c**3/3 + 5*c**2/2 + 16*c. What is y(-4)?
-3
Let p(o) = o**3 + 2*o**2 - o + 1. Let r be p(-2). Let d(m) = r + 2 + 10*m - 4. Determine d(1).
11
Let s(z) = -z**3 - 3*z**2 + 4. Suppose -2*k = 5 + 1. Calculate s(k).
4
Let q(i) = -i**2 - 4*i + 3. Suppose 4*m = 5*a - 31, -5*m - 4*a + 4 - 12 = 0. Calculate q(m).
3
Suppose 0 = -3*y + 4*y + 6. Let g(f) = f + 3. Give g(y).
-3
Let z(x) = 2*x - x + 1 - 2*x. Determine z(2).
-1
Let w(r) = r**3 - 3*r**2 - r + 1. Let b(h) = -2*h + 1. Let p be b(-1). Suppose p*i - 4*z - 9 = 0, -4*i - i - 3*z = -15. What is w(i)?
-2
Let q(n) = 24*n**2 - 1 - n**3 + 0*n**3 + 0 - 33*n**2. Give q(-9).
-1
Let x be (-54)/(-10) + (-4)/10. Let w(l) = l - 1. Let a be w(3). Let q(p) = -x*p**2 + 2*p**3 + a - p**3 - 2 - 4. What is q(5)?
-4
Let j be 3*2/(-3 - -5). Let x(w) = w**2 - w + 1. What is x(j)?
7
Suppose -3*i + 2*r = i - 40, r - 28 = -4*i. Let s(t) = i + t - 3 + 3*t. Let b(u) = u. Let v(h) = -6*b(h) + s(h). Calculate v(4).
-3
Let n(g) be the second derivative of g**5/40 - g**4/4 + g**3/3 - g. Let d(k) be the second derivative of n(k). Calculate d(4).
6
Let t be 1/(-1)*(0 + -2). Let i(n) = 13 - 2*n - 8 - 7 - n**t. Calculate i(-3).
-5
Let o = 10 + -15. Let u(n) = -n + 13. Let c(s) = -2*s + 14. Let d(f) = -2*c(f) + 3*u(f). Give d(o).
6
Let u(k) be the second derivative of 0 + 1/6*k**4 - 3/2*k**2 + 1/60*k**5 - 2*k - 4/3*k**3. Let s(h) be the first derivative of u(h). Calculate s(-6).
4
Let k = 0 + -3. Let g = k + 5. Let y(p) = -p + 4*p + p**g + 4 + 0*p. Calculate y(-4).
8
Let i(u) = 2*u**3 + 10*u**2 - 6*u + 11. Let t(g) = g**3 + 9*g**2 - 4*g + 10. Let a(x) = -2*i(x) + 3*t(x). Calculate a(7).
8
Let w be (0 - 2 - -4)/(-1). Let d = w - 0. Let r be 15/d*(-2)/3. Let i(b) = -b. Determine i(r).
-5
Let o(h) = h**3 - 7*h**2 - h + 5. Suppose i - a = -0*a + 5, i + 5*a = 17. What is o(i)?
-2
Let y be 4/18 - (-112)/(-18). Let m(t) = t + 5. Give m(y).
-1
Let k(v) = v**3 - 6*v**2 - 2*v - 3. Let b be -3 + -1 - -8 - -2. Calculate k(b).
-15
Let p = 3 + 0. Let d = -2 + 0. Let z(f) = 4*f - 1. Let q(v) = 3*v - 1. Let m(i) = d*z(i) + p*q(i). What is m(-2)?
-3
Let d be (-2 + 8/5)/((-9)/135). Let j(h) = -h**3 + 5*h**2 + 7*h - 5. Calculate j(d).
1
Let v(a) = -5*a**2 + a + 8. Let g(b) = -14*b**2 + 3*b + 23. Let n = -2 + 5. Suppose -2 - 10 = -n*q. Let l(t) = q*g(t) - 11*v(t). What is l(3)?
-2
Suppose 0 = 4*z + 6 + 14. Let w(c) be the first derivative of -c**4/4 - 4*c**3/3 + 5*c**2/2 - 3*c - 4. Give w(z).
-3
Suppose -4*p - 1 = -3*s, p + 3*s = 10 + 1. Let j(z) = p*z - 1 - z**2 - 1 + 0. Suppose -w - 6 = w - 3*c, 2*w - 22 = -4*c. Calculate j(w).
-5
Let o(l) = -l**3 + 6*l**2 + 4*l - 4. Suppose 10 - 3 = n. Calculate o(n).
-25
Let p(l) = 2*l + 1 - 6*l + 3*l - 2*l. Determine p(-4).
13
Let v(a) be the second derivative of -a**4/12 + 11*a**3/6 - 13*a**2/2 + 2*a. Let g be v(9). Let l(n) = -n**2 + 5*n - 6. Calculate l(g).
-6
Let d = 26 - 19. Suppose -4*c = 3*c + d. Let k(x) = -7*x. Give k(c).
7
Let w(g) = g**2 - g + 1. Let r be (0 - -1) + -3 + 4. Determine w(r).
3
Let s(a) = -a**3 + 5*a**2 - 3*a + 4. Suppose 5*i - 5 = 2*d, -i + 30 = 4*i + 3*d. Calculate s(i).
13
Let o = 0 + -1. Let b be (4 - o)*(3 + 